rime factors of u?
379
Let f(n) = 729*n**2 + 428*n + 2145. List the prime factors of f(-5).
2, 5, 1823
Suppose -5*c - 5*o + 54775 = 0, -30829 - 23986 = -5*c + 3*o. List the prime factors of c.
2, 5, 137
Let y = 283 + -281. Suppose 0*m + 2512 = y*m. List the prime factors of m.
2, 157
Suppose 24*a - 259271 = -138731 + 603444. What are the prime factors of a?
2, 15083
Let o = 575 - 209. Let q = 1 - -2. Suppose 0*g - o = -q*g. List the prime factors of g.
2, 61
Let a = -348 + 348. Suppose -2*o + 5*h + 1911 = 0, -4*o = -a*o - 2*h - 3782. List the prime factors of o.
23, 41
Suppose 0*z + 12*z - 125328 = 0. What are the prime factors of z/30 - (-36)/(-270)?
2, 3, 29
Suppose 90 = -4*p - 3*r, 3*p = -r - 3*r - 71. Let k = p + 27. Let d = -3 + k. List the prime factors of d.
3
Let l(y) = -2*y - 61. Let m be l(-24). Let j(f) = -f**3 - 13*f**2 - 26*f - 1. What are the prime factors of j(m)?
337
Suppose 15670 = 17*a + 2597. Let z = -521 + a. What are the prime factors of z?
2, 31
Let h(f) = 72*f - 57. Let v be h(11). Let s = -296 + v. What are the prime factors of s?
439
Let y(b) = b**3 + 6*b**2 + 2*b - 8. Suppose -2*x - 9 = 3. Let w be y(x). What are the prime factors of ((-158)/6)/(w/60)?
79
Suppose -2*q + 2*z + 6106 = 0, -23*q - 4*z + 6100 = -21*q. What are the prime factors of q?
2, 7, 109
Suppose -q + 17 = 8. Suppose -27 - 45 = q*j. List the prime factors of -1*(-708)/16 - 6/j.
3, 5
Let c(u) = -356*u + 38. Let a be c(3). Let v = -702 - a. What are the prime factors of v?
2, 41
Let c(n) = 4*n**2 - 7*n - 2. Let s = 51 + -45. Let z be c(s). Suppose z = v + v. List the prime factors of v.
2, 5
Let y be (-15)/(-35) + (-228)/(-7) + -3. Suppose -31*a = -y*a + 64. Let b = a + 150. What are the prime factors of b?
2, 43
Suppose -2*w + 80 = 6*w. Let o = w + -8. Suppose -o*k - 3*p + 224 = 0, 2*k - k = 5*p + 138. What are the prime factors of k?
2, 59
Let z(u) = u**3 + 10*u**2 - 3*u - 11. Suppose -18*r + 6*r - 60 = 0. List the prime factors of z(r).
3, 43
Let r(n) = 1214*n - 327. What are the prime factors of r(10)?
11813
Suppose 5*w = 53 + 107. Let r = -167 + w. Let b = r + 159. List the prime factors of b.
2, 3
Let z be 1 - 12/4*-2. Suppose 18 = 2*x + z*x. Suppose 13*u = x*u + 1001. List the prime factors of u.
7, 13
Let r(b) = -b**2 + 21*b - 21. Let x be r(20). Let n be 15*x/(-3) - 0. List the prime factors of 4 - ((-2275)/5)/n.
5, 19
Let u = 1571 - 606. Suppose -953 = -3*r - 5*b, r + u = 4*r - b. Let y = r + -169. List the prime factors of y.
2, 19
Suppose -2*v - 3*v + 85 = 0. Let g(u) = 4*u - v + 0*u - 4. What are the prime factors of g(18)?
3, 17
Let q(o) = -63*o**3 - 34*o**2 - 25*o + 18. What are the prime factors of q(-7)?
2, 3, 839
Let x be 24/(-6)*1/2. Let z be ((-4)/(-5))/(x/35). Let c(b) = b**3 + 13*b**2 - 21*b - 3. What are the prime factors of c(z)?
5, 19
Suppose -3*z = 184*n - 181*n - 7758, 2*n - 5*z = 5165. List the prime factors of n.
5, 11, 47
Suppose 23*x = 47*x - 6*x - 61434. What are the prime factors of x?
3413
Let l be (-3 - 19)/((-3)/54). Suppose l = 5*u + 3*o - 450, 0 = -5*u - 2*o + 849. List the prime factors of u.
3, 19
Suppose 13*h - 23092 - 35356 = 0. List the prime factors of h.
2, 281
Let k(v) = 7*v**2 + 5*v + 36364. List the prime factors of k(0).
2, 9091
Let p(l) be the second derivative of 5*l**4/6 - 3*l**3/2 + 7*l**2 - 21*l - 1. What are the prime factors of p(-9)?
5, 181
Let j be 6/(-3) + 1 + 26. Suppose -78 = -i + 14. Suppose 0 = -3*b - 4*k + i, 5*b - 3*k - 217 = -j. List the prime factors of b.
2, 3
Suppose 16*j + 14*j = 272880. List the prime factors of j.
2, 3, 379
Suppose -113 = -9*m - 77. Suppose -4*c - 4851 = -m*r - 3*c, 2427 = 2*r - c. List the prime factors of r.
2, 3, 101
Let w(g) be the second derivative of 0 + 4*g**2 + 5/3*g**4 + 1/10*g**5 + 11/6*g**3 - 13*g. What are the prime factors of w(-9)?
71
Suppose z + 5*x = -148, z + 78 = -3*x - 68. Let s = z - -333. What are the prime factors of s?
2, 5, 19
Let w = -23 + 24. Let k(v) = 2*v**3 + 3*v**2 - 2. Let p be k(w). What are the prime factors of 3*(-10)/p*(-16 - 1)?
2, 5, 17
Suppose r = -2*r + 513. Suppose 123*h - 125*h = -4. Suppose -13 + r = h*l. What are the prime factors of l?
79
Let b(v) = -20*v + 23. Let r be b(12). Let f be r/28 + 15/(-12). List the prime factors of 4/(-8)*f/6*16.
2, 3
Suppose -26270 = -5*d + 4*p, -d + 2*p + 2402 = -2852. What are the prime factors of d?
2, 37, 71
Suppose -f = -17*y + 20*y - 8832, -y = -f - 2948. List the prime factors of (-1)/(((-25)/y)/5).
19, 31
Suppose 36*l - 216 = -72. Suppose 0 = l*w + 20, -2*u + 5*w = -0*u - 2969. What are the prime factors of u?
2, 23
Let w = 82 + -90. What are the prime factors of w/4*3 + 319?
313
Suppose 66*y - 541346 = -198872. What are the prime factors of y?
5189
Suppose 70*c + 67*c = 2080345. List the prime factors of c.
5, 3037
Let a = 11 - 9. Suppose n = u + 23, -3 = -n - a*n. What are the prime factors of (55/u)/((-1)/14)?
5, 7
Let w = 11459 + 159. What are the prime factors of w?
2, 37, 157
Suppose -62*c + 108 = -61*c. Let w = c + -42. List the prime factors of w.
2, 3, 11
Suppose -4*c + 14*l = 13*l - 145013, 145001 = 4*c - 5*l. List the prime factors of c.
2, 18127
Let u(g) = 8*g**2 - 9*g - 8. Let v be (-56)/(-42)*18/(-4). List the prime factors of u(v).
2, 167
Suppose -2*q + 4*u - 14 = 0, -3*q + u - 7 = q. List the prime factors of ((-3045)/(-42))/(1/(-2) - q).
5, 29
Let t(x) = 2*x**2 - 53*x - 8*x - 19*x + 111 + 0*x**2. List the prime factors of t(42).
3, 31
Suppose 10 = 54*o - 49*o. Let k be (3/o)/(25/(-4550)). Let j = k - -399. List the prime factors of j.
2, 3, 7
Let r(u) = u**3 + 19*u**2 - 4*u - 37. Let z(j) = -4*j**2 + 61*j - 30. Let w be z(15). List the prime factors of r(w).
13, 71
Let n be (-50)/(-18) - (-10)/45. Suppose 0 = -4*q + n*q + 46. Suppose 36 + q = i. List the prime factors of i.
2, 41
Suppose 0 = 5*n + 4*i - 106, 3*n = 3*i + 3 + 66. Let t be 1*(2 + -3)*-24. Suppose -t*o + 148 = -n*o. List the prime factors of o.
2, 37
Let x(i) = -1 + 7 - 3*i**3 + 4*i - 41*i**2 + 30*i**2 + 7*i. List the prime factors of x(-9).
3, 401
Let n(a) be the first derivative of a**4/4 + 32*a**3/3 + 8*a + 54. What are the prime factors of n(-32)?
2
Suppose 5*d = -g + 850, -6 = d - 1. Let j be g/(-28)*(-8)/(-6)*3. Let l = 190 + j. List the prime factors of l.
5, 13
Let z(l) = -4213*l - 2517. What are the prime factors of z(-10)?
7, 5659
Suppose -7*z + 9*z + 54 = 4*r, -3*r + 33 = -4*z. Suppose -104 + 434 = r*d. List the prime factors of d.
2, 11
Let l(j) = 4*j**2 - 5*j - 22. Let y(o) = o - 8. Let n be y(3). Let r be l(n). Suppose 3*i + r = t, 4*t - 7*i - 419 = -2*i. List the prime factors of t.
2, 53
Let s(k) be the third derivative of 0*k + 0 + 2/15*k**5 + 0*k**4 - 7/6*k**3 + 10*k**2. List the prime factors of s(-3).
5, 13
Let u(t) = -2*t**2 + 16*t - 20. Let r be u(6). Suppose 3*v - r*v + b + 1936 = 0, -4*b = -v + 1930. What are the prime factors of v?
2, 3, 17, 19
Let d(i) be the first derivative of -i**2/2 + 10*i - 3. Let x = -987 - -978. What are the prime factors of d(x)?
19
Let a = 87830 + -49016. What are the prime factors of a?
2, 3, 6469
Suppose 1299*b = -k + 1294*b + 10084, -5*k + b = -50472. What are the prime factors of k?
2, 7, 103
Suppose -8*j + 6*j + 29106 = 4*x, -5*j - 4*x = -72765. List the prime factors of j.
3, 7, 11
Let l(t) = t**3 + 27*t**2 - 70*t - 57. Let d be l(-29). Suppose 0 = 290*x - d*x + 619. What are the prime factors of x?
619
Let q(p) = -p**3 - 5*p**2 - 5*p - 9. Let l = 175 + -116. Let k = l - 65. List the prime factors of q(k).
3, 19
List the prime factors of 1/3*5 + (-13)/((-1053)/1941354).
11, 2179
Let b(k) = -k**2 + 24*k - 15. Let y be b(20). Let j = y + -126. Let w = -21 - j. What are the prime factors of w?
2, 5
Let d(m) = -185*m + 5. Let r be d(-15). Suppose 10*q - r - 170 = 0. What are the prime factors of q?
5, 59
What are the prime factors of (2 + 10/5)/(52/340041)?
3, 8719
Let a = -1748 + 2452. Suppose -3*h = 5*i - 1785, 0 = 2*i + 4*h - a + 4. What are the prime factors of i?
2, 3, 5
List the prime factors of (104/(-6))/(651/(-1339758)).
2, 7, 13
Let i = 3 + -5. Let r(l) = -5*l**2 + 40*l**3 - 55*l**3 + 5*l**2 - 4. List the prime factors of r(i).
2, 29
Suppose -10004 + 1977 = 2*l + v, 0 = -4*l + 3*v - 16049. List the prime factors of 2/((-22)/l) + (-328)/(